{"id":19317,"date":"2018-01-09T19:22:55","date_gmt":"2018-01-09T18:22:55","guid":{"rendered":"http:\/\/www.haztartas-ma.hu\/?page_id=19317"},"modified":"2018-01-11T06:14:43","modified_gmt":"2018-01-11T05:14:43","slug":"feliratkozas-nem-sikerult","status":"publish","type":"page","link":"https:\/\/www.haztartas-ma.hu\/index.php\/feliratkozas-nem-sikerult\/","title":{"rendered":"A feliratkoz\u00e1s nem siker\u00fclt"},"content":{"rendered":"<p><strong>Itt valami hiba van!<\/strong><\/p>\n<p>Ez az e-mail c\u00edm m\u00e1r szerepel az adatb\u00e1zisunkban, \u00fajabb feliratkoz\u00e1sra nincs sz\u00fcks\u00e9g.<\/p>\n","protected":false},"excerpt":{"rendered":"<p>Itt valami hiba van! Ez az e-mail c\u00edm m\u00e1r szerepel az adatb\u00e1zisunkban, \u00fajabb feliratkoz\u00e1sra nincs sz\u00fcks\u00e9g.<\/p>\n","protected":false},"author":27,"featured_media":0,"parent":0,"menu_order":92,"comment_status":"closed","ping_status":"closed","template":"page-sales.php","meta":{"_et_pb_use_builder":"","_et_pb_old_content":"","_et_gb_content_width":"","footnotes":"","_wp_rev_ctl_limit":""},"class_list":["post-19317","page","type-page","status-publish","hentry"],"yoast_head":"<!-- This site is optimized with the Yoast SEO plugin v27.1.1 - https:\/\/yoast.com\/product\/yoast-seo-wordpress\/ -->\n<title>A feliratkoz\u00e1s nem siker\u00fclt - H\u00e1ztart\u00e1s Ma<\/title>\n<meta name=\"robots\" content=\"index, follow, max-snippet:-1, max-image-preview:large, max-video-preview:-1\" \/>\n<link rel=\"canonical\" href=\"https:\/\/www.haztartas-ma.hu\/index.php\/feliratkozas-nem-sikerult\/\" \/>\n<meta property=\"og:locale\" content=\"hu_HU\" \/>\n<meta property=\"og:type\" content=\"article\" \/>\n<meta property=\"og:title\" content=\"A feliratkoz\u00e1s nem siker\u00fclt - H\u00e1ztart\u00e1s Ma\" \/>\n<meta property=\"og:description\" content=\"Itt valami hiba van! Ez az e-mail c\u00edm m\u00e1r szerepel az adatb\u00e1zisunkban, \u00fajabb feliratkoz\u00e1sra nincs sz\u00fcks\u00e9g.\" \/>\n<meta property=\"og:url\" content=\"https:\/\/www.haztartas-ma.hu\/index.php\/feliratkozas-nem-sikerult\/\" \/>\n<meta property=\"og:site_name\" content=\"H\u00e1ztart\u00e1s Ma\" \/>\n<meta property=\"article:modified_time\" content=\"2018-01-11T05:14:43+00:00\" \/>\n<script type=\"application\/ld+json\" class=\"yoast-schema-graph\">{\"@context\":\"https:\/\/schema.org\",\"@graph\":[{\"@type\":\"WebPage\",\"@id\":\"https:\/\/www.haztartas-ma.hu\/index.php\/feliratkozas-nem-sikerult\/\",\"url\":\"https:\/\/www.haztartas-ma.hu\/index.php\/feliratkozas-nem-sikerult\/\",\"name\":\"A feliratkoz\u00e1s nem siker\u00fclt - H\u00e1ztart\u00e1s Ma\",\"isPartOf\":{\"@id\":\"https:\/\/www.haztartas-ma.hu\/#website\"},\"datePublished\":\"2018-01-09T18:22:55+00:00\",\"dateModified\":\"2018-01-11T05:14:43+00:00\",\"breadcrumb\":{\"@id\":\"https:\/\/www.haztartas-ma.hu\/index.php\/feliratkozas-nem-sikerult\/#breadcrumb\"},\"inLanguage\":\"hu\",\"potentialAction\":[{\"@type\":\"ReadAction\",\"target\":[\"https:\/\/www.haztartas-ma.hu\/index.php\/feliratkozas-nem-sikerult\/\"]}]},{\"@type\":\"BreadcrumbList\",\"@id\":\"https:\/\/www.haztartas-ma.hu\/index.php\/feliratkozas-nem-sikerult\/#breadcrumb\",\"itemListElement\":[{\"@type\":\"ListItem\",\"position\":1,\"name\":\"Home\",\"item\":\"https:\/\/www.haztartas-ma.hu\/\"},{\"@type\":\"ListItem\",\"position\":2,\"name\":\"A feliratkoz\u00e1s nem siker\u00fclt\"}]},{\"@type\":\"WebSite\",\"@id\":\"https:\/\/www.haztartas-ma.hu\/#website\",\"url\":\"https:\/\/www.haztartas-ma.hu\/\",\"name\":\"H\u00e1ztart\u00e1s Ma\",\"description\":\"Egyszer\u0171 \u00e9telek, receptek, bef\u0151z\u00e9s, h\u00e1zi praktik\u00e1k\",\"potentialAction\":[{\"@type\":\"SearchAction\",\"target\":{\"@type\":\"EntryPoint\",\"urlTemplate\":\"https:\/\/www.haztartas-ma.hu\/?s={search_term_string}\"},\"query-input\":{\"@type\":\"PropertyValueSpecification\",\"valueRequired\":true,\"valueName\":\"search_term_string\"}}],\"inLanguage\":\"hu\"}]}<\/script>\n<!-- \/ Yoast SEO plugin. -->","yoast_head_json":{"title":"A feliratkoz\u00e1s nem siker\u00fclt - H\u00e1ztart\u00e1s Ma","robots":{"index":"index","follow":"follow","max-snippet":"max-snippet:-1","max-image-preview":"max-image-preview:large","max-video-preview":"max-video-preview:-1"},"canonical":"https:\/\/www.haztartas-ma.hu\/index.php\/feliratkozas-nem-sikerult\/","og_locale":"hu_HU","og_type":"article","og_title":"A feliratkoz\u00e1s nem siker\u00fclt - H\u00e1ztart\u00e1s Ma","og_description":"Itt valami hiba van! Ez az e-mail c\u00edm m\u00e1r szerepel az adatb\u00e1zisunkban, \u00fajabb feliratkoz\u00e1sra nincs sz\u00fcks\u00e9g.","og_url":"https:\/\/www.haztartas-ma.hu\/index.php\/feliratkozas-nem-sikerult\/","og_site_name":"H\u00e1ztart\u00e1s Ma","article_modified_time":"2018-01-11T05:14:43+00:00","schema":{"@context":"https:\/\/schema.org","@graph":[{"@type":"WebPage","@id":"https:\/\/www.haztartas-ma.hu\/index.php\/feliratkozas-nem-sikerult\/","url":"https:\/\/www.haztartas-ma.hu\/index.php\/feliratkozas-nem-sikerult\/","name":"A feliratkoz\u00e1s nem siker\u00fclt - H\u00e1ztart\u00e1s Ma","isPartOf":{"@id":"https:\/\/www.haztartas-ma.hu\/#website"},"datePublished":"2018-01-09T18:22:55+00:00","dateModified":"2018-01-11T05:14:43+00:00","breadcrumb":{"@id":"https:\/\/www.haztartas-ma.hu\/index.php\/feliratkozas-nem-sikerult\/#breadcrumb"},"inLanguage":"hu","potentialAction":[{"@type":"ReadAction","target":["https:\/\/www.haztartas-ma.hu\/index.php\/feliratkozas-nem-sikerult\/"]}]},{"@type":"BreadcrumbList","@id":"https:\/\/www.haztartas-ma.hu\/index.php\/feliratkozas-nem-sikerult\/#breadcrumb","itemListElement":[{"@type":"ListItem","position":1,"name":"Home","item":"https:\/\/www.haztartas-ma.hu\/"},{"@type":"ListItem","position":2,"name":"A feliratkoz\u00e1s nem siker\u00fclt"}]},{"@type":"WebSite","@id":"https:\/\/www.haztartas-ma.hu\/#website","url":"https:\/\/www.haztartas-ma.hu\/","name":"H\u00e1ztart\u00e1s Ma","description":"Egyszer\u0171 \u00e9telek, receptek, bef\u0151z\u00e9s, h\u00e1zi praktik\u00e1k","potentialAction":[{"@type":"SearchAction","target":{"@type":"EntryPoint","urlTemplate":"https:\/\/www.haztartas-ma.hu\/?s={search_term_string}"},"query-input":{"@type":"PropertyValueSpecification","valueRequired":true,"valueName":"search_term_string"}}],"inLanguage":"hu"}]}},"jetpack_sharing_enabled":true,"_links":{"self":[{"href":"https:\/\/www.haztartas-ma.hu\/index.php\/wp-json\/wp\/v2\/pages\/19317","targetHints":{"allow":["GET"]}}],"collection":[{"href":"https:\/\/www.haztartas-ma.hu\/index.php\/wp-json\/wp\/v2\/pages"}],"about":[{"href":"https:\/\/www.haztartas-ma.hu\/index.php\/wp-json\/wp\/v2\/types\/page"}],"author":[{"embeddable":true,"href":"https:\/\/www.haztartas-ma.hu\/index.php\/wp-json\/wp\/v2\/users\/27"}],"replies":[{"embeddable":true,"href":"https:\/\/www.haztartas-ma.hu\/index.php\/wp-json\/wp\/v2\/comments?post=19317"}],"version-history":[{"count":0,"href":"https:\/\/www.haztartas-ma.hu\/index.php\/wp-json\/wp\/v2\/pages\/19317\/revisions"}],"wp:attachment":[{"href":"https:\/\/www.haztartas-ma.hu\/index.php\/wp-json\/wp\/v2\/media?parent=19317"}],"curies":[{"name":"wp","href":"https:\/\/api.w.org\/{rel}","templated":true}]}}